j + 1. What is the tens digit of ((-15)/(-10))/(j/(-38))?
5
Suppose 3*p + 2891 = 5*t, -2*t + 15*p = 10*p - 1145. What is the tens digit of t?
8
Let p(w) = w + 3. Let l be p(-5). Let b be (-3)/((l - -1) + 0). Suppose -b*z + 35 = -4*h - 49, 76 = 2*z + 4*h. What is the units digit of z?
2
What is the tens digit of (-5*(-18)/60)/((-3)/(-1226))?
1
Suppose 39*t - 24549 = 53295. What is the tens digit of t?
9
Let y(q) = -5*q**3 + 2*q**2 - 3*q + 11. What is the hundreds digit of y(-5)?
7
Suppose -5*a + 15 = 40. Let k(v) = -109*v - 3. Let y be k(a). What is the tens digit of (-4)/(-26) + y/26?
2
Let p = 3173 - -508. What is the hundreds digit of p?
6
Let l = 2634 + -653. What is the tens digit of l?
8
Let q(n) = 4*n - 2*n - 4*n**2 + 25*n**2 + 2*n**2 + 3. What is the units digit of q(-2)?
1
Let d(z) = z**2 + 3. Let k be d(0). Let y = 140 + k. What is the tens digit of y?
4
Suppose 8*i - 5*i + 201 = 3*t, 5*i + 15 = 0. Let w be 77/(-3) - 1/3. Let c = w + t. What is the units digit of c?
8
Let f(c) = -c**3 - 58*c**2 - 93*c + 17. What is the units digit of f(-57)?
9
Suppose -1197 - 2349 = -9*q. What is the units digit of q?
4
Let w(s) be the third derivative of s**5/60 + 3*s**4/8 - 5*s**3/6 - 28*s**2. Suppose 0 = -3*k + 3*n - 33, -47 + 11 = 2*k + 5*n. What is the units digit of w(k)?
7
Let t = -136 - -191. What is the tens digit of t?
5
Let w = -1620 + 2326. What is the hundreds digit of w?
7
Let y = 21 + -23. Let i be (y + 4)*147/(-14). Let j = i - -46. What is the tens digit of j?
2
What is the units digit of 2361 + (3 + 4)/(-7)?
0
Let z be ((-30)/(-20))/(7/(-84)). Let o = -31 - -49. Let b = o - z. What is the units digit of b?
6
Let h = -6 + 2. What is the units digit of h/(-2) - (4 + -93)?
1
Suppose 0*u + u + 6602 = 3*w, -2*w - 5*u + 4407 = 0. What is the tens digit of w?
0
Let h = 331 - 226. What is the tens digit of h?
0
Suppose -355*d + 354*d + 650 = 0. What is the tens digit of d?
5
Suppose 3*h - 7983 = -4*f, 3*f - 13*h = -11*h + 5966. What is the thousands digit of f?
1
Let h = -785 + 1773. What is the units digit of h?
8
Let w(g) be the second derivative of g**5/20 + g**4/2 + g**3/3 + 9*g**2/2 + 2*g. What is the tens digit of w(-4)?
3
Suppose -45*b + 3273 + 13647 = 0. What is the units digit of b?
6
Suppose -216*m + 208*m = -18224. What is the tens digit of m?
7
Let p(d) = 2*d - 1. Let u = -7 - -9. Suppose 4*q + 9 = -g, -4*g + 0*g + 36 = -u*q. What is the units digit of p(g)?
3
Let q = 156 + -83. What is the units digit of q?
3
Let z(r) = 2*r**2 + 3*r - 3. Suppose -4*g = 14 - 58. Let s = 13 - g. What is the tens digit of z(s)?
1
Let x(h) = -6*h**3 - 8*h**2 - 3*h + 15. Let u(r) = 2*r**3 + 3*r**2 + r - 5. Let y(z) = -17*u(z) - 6*x(z). What is the tens digit of y(3)?
2
Suppose 5*o = b + 23, -6*b + 11*b = -3*o - 3. Suppose -o*m + 529 + 399 = 0. What is the tens digit of m?
3
Suppose -5*s + 4222 = -5*m - 143, 4*m - 883 = -s. What is the tens digit of s?
7
Suppose -22 = -m - 92. Let t be (-7)/4*(m + 6). Suppose -3*o + 85 = p, p = -o - 3*o + t. What is the tens digit of o?
2
Suppose -337098 = -106*h + 7826. What is the units digit of h?
4
Suppose 96*n = 244828 + 170948. What is the hundreds digit of n?
3
Suppose -3468 + 668 = -7*w. What is the tens digit of w?
0
Let y be 4/24 - 2*17/(-12). Suppose 0 = 4*l - v - 642, v = y*l + 2*v - 478. What is the units digit of l?
0
Let m(h) = 0 + 14*h - 34*h + 11*h - 10. What is the tens digit of m(-27)?
3
Let c = 79 + -32. What is the tens digit of c?
4
Let f(l) be the second derivative of l + 1/6*l**4 + 0 + 0*l**3 + 5/2*l**2. What is the tens digit of f(-4)?
3
Suppose -5*v + 3*j = -375, 0*j - 2*j = -2*v + 146. Let a = v + 14. What is the units digit of a?
2
Let c be 2/2 + (0 - -5). Suppose c*n - 10*n + 80 = 0. What is the units digit of n?
0
Suppose 34*u = 3042 + 18582. What is the tens digit of u?
3
Let k = 15 - 11. Suppose b = 2*s - 7, -7 - 13 = -k*s + 4*b. What is the tens digit of (9 - (-6)/s) + 0?
1
Let b be 1 + -91 + 0 - (-5 + 4). Let h = b + 192. What is the units digit of h?
3
Let p be 100/(-8) - (-1)/2. Let a be 3 + (p/(-3) - 8). What is the units digit of 2 + 2 + a + 30?
3
Let v(z) = -z**3 - 9*z**2 - 7*z - 3. Let t be v(-7). Let o be t/(-12) + (-2)/6. Suppose c + x = -o*c + 20, 19 = -2*c + 5*x. What is the units digit of c?
3
Suppose -4*d + 3*q = -3619, -2*q - 1812 = 7*d - 9*d. What is the units digit of d?
1
Suppose -8*h + 2*h - 114 = 0. Let g = h + 97. Suppose -m + 4*m = g. What is the tens digit of m?
2
Let r(l) = -2*l**3 + 8*l**2 + 3*l - 11. Let o be r(6). Let y = o - -243. What is the hundreds digit of y?
1
Suppose u = 2*u - 3*b + 3, b - 9 = -u. Suppose -3*m + 37 = 70. Let s = u - m. What is the units digit of s?
7
What is the units digit of (123/(-4))/((-135)/3420)?
9
Let m = -40 - -28. What is the units digit of (m - -10) + 4*4?
4
Let i = -141 + 399. Suppose -2*v + i - 10 = 2*m, v = 4*m - 521. What is the hundreds digit of m?
1
Let g = 283 - -70. What is the hundreds digit of g?
3
Let o(f) = -f**3 - 9*f**2 + 10*f + 6. Let g be o(-9). Let u = g + 132. What is the tens digit of u?
4
Suppose 9*j = 8*j - k + 2790, 6*k - 2790 = -j. What is the tens digit of j?
9
What is the hundreds digit of (-3)/6*14 + 610?
6
Let b(i) = 2*i**2 + 26*i + 14. What is the hundreds digit of b(-26)?
6
Let d = 1189 + -753. What is the tens digit of d?
3
Let z = -960 - -2543. What is the units digit of z?
3
Let t = -17 - -20. Suppose -5*q + 712 = -0*q - t*h, -3*h - 12 = 0. What is the units digit of q?
0
Suppose -3183*h + 7608 = -3175*h. What is the hundreds digit of h?
9
Let w = 2 + 72. Let t be 10/(-45) - w/(-9). Let o(m) = m**3 - 9*m**2 + 9*m + 8. What is the units digit of o(t)?
6
Suppose -4 = -2*w - 2, -7 = -2*f - 3*w. Suppose 0 = -f*m - 43 - 5. What is the tens digit of (m + (4 - 1))*-1?
2
Suppose 4*s + z = 12, 4*s - 12 = -0*s - 5*z. Suppose 2*j + 738 = 4*i, -i = -j + s*j - 182. What is the units digit of i?
4
Let s = 33 + -26. Suppose 0 = 4*l + s - 27. Suppose -4*c + l*c + 44 = 3*h, -3*c = -2*h + 41. What is the units digit of h?
3
Let t(g) = 377*g + 11. What is the tens digit of t(2)?
6
Suppose t - 3*k = 6*t - 46, 5*k + 14 = 3*t. Suppose x + 4*y - 284 = 0, 0 = -t*x + 11*x - 2*y - 894. What is the hundreds digit of x?
2
Let w = -134 - -138. Let o(s) = -2*s**3 + 10*s**2 - 4*s - 5. What is the units digit of o(w)?
1
Let r(o) = 2*o**3 + 38*o**2 - 18*o + 41. What is the thousands digit of r(-17)?
1
Suppose -5*c = -19 - 16. Let x be (-7)/(-49) + 208/14. What is the tens digit of x/35 - (-291)/c?
4
Let b be 1/3*(-12 - -3). Let k(j) = j**2 + 1. Let i be k(b). Let q = 4 + i. What is the tens digit of q?
1
Suppose -50587 = -37*p - 1784. What is the thousands digit of p?
1
Suppose 2*g + 4*i = 36, -3*g = -2*g - 5*i + 17. Suppose -9*l = -g*l - 161. What is the hundreds digit of l?
1
Suppose -5*w + 8603 = 1703. What is the tens digit of w?
8
Let r(t) = t**2 - 8*t - 10. Let p be r(8). Let i = 16 + p. Suppose i*u = 2*u + 4. What is the units digit of u?
1
Let j(u) = u**2 + 53*u + 2*u**2 - 5*u**2 - u**3 - 18*u - 13. What is the units digit of j(-9)?
9
Let y be 4*3/(-8)*-4. Let q be (-12)/8 + 219/y. What is the units digit of q/1 - (-6)/3?
7
Let b(q) = -q**2 + 11*q + 15. Let n be b(12). Suppose -n*o + 5*o - 66 = 0. What is the tens digit of o?
3
Let n(l) = -16*l + 27 - 12*l**2 - 13*l**2 + 24*l**2. What is the units digit of n(-13)?
6
Suppose -d = -3*y + 1681, -y - 1711 = -4*y - 5*d. What is the hundreds digit of y?
5
Suppose -3*m = 19 - 25. Suppose -m*i + 5*i = 2*k - 137, -2*k + 140 = -2*i. What is the units digit of k?
3
Let i be (0 - -2)*(-1)/(-1). Let t be 1 + (4 - i) + -6. Let j(v) = -3*v**3 + 3*v - 1. What is the tens digit of j(t)?
7
Let p = -776 - -1346. What is the tens digit of p?
7
Suppose 5*g + 3*k - 19790 = -2*k, 0 = 3*g - k - 11862. What is the tens digit of g?
5
Let c(j) = -477*j + 6. Let x be c(-3). Suppose -10*p + x = -73. What is the units digit of p?
1
Suppose 4*u + 11 = 5*q - 42, 24 = 2*q - 3*u. Suppose -q*c + 32 = -5*c. What is the units digit of 158/8 + 2/c?
0
Suppose 7*j - 414 = 790. Let w = j + -60. What is the hundreds digit of w?
1
Suppose 5*g = 2*w + 7, -4*w + 16 = -0*w. Suppose g*n - 44 = -5. Let p = 14 + n. What is the tens digit of p?
2
Let y(r) = -121*r + 705. What is the hundreds digit of y(-15)?
5
Let